tiple of 1189?
True
Is 120 a factor of 563078443?
False
Does 209 divide 143487924?
False
Does 4 divide 531423801?
False
Is 12 a factor of 155425404?
True
Is 26435304 even?
True
Does 2272 divide 956743744?
True
Does 876 divide 3501612646?
False
Does 6 divide 158132550?
True
Does 1195 divide 10884795?
False
Is 10 a factor of 621844350?
True
Is 298127076 a multiple of 1316?
False
Is 179 a factor of 574622041?
True
Is 29 a factor of 21919882?
True
Is 1860 a factor of 542422522?
False
Is 57 a factor of 300139200?
True
Is 843126263 a multiple of 722?
False
Does 118 divide 174947980?
True
Is 661 a factor of 451757806?
True
Is 1678529860 a multiple of 137?
False
Is 139 a factor of 61880715?
True
Is 7851214 even?
True
Is 943370729 a multiple of 2990?
False
Is 5273 a factor of 5228158408?
True
Is 2 a factor of 4615929?
False
Is 1985 a factor of 10738991?
False
Is 218789922 a multiple of 4017?
True
Does 18 divide 733971294?
True
Is 290 a factor of 149710529?
False
Is 7 a factor of 4259849?
False
Is 2517792 a multiple of 24?
True
Is 27862286 a multiple of 174?
False
Does 90 divide 39145860?
True
Is 946 a factor of 64753700?
True
Does 2352 divide 28489776?
True
Is 2 a factor of 804374?
True
Does 16 divide 952637488?
True
Does 491 divide 47148275?
True
Is 1366436 a multiple of 27?
False
Is 42497364 a multiple of 57?
False
Does 627 divide 32864965?
False
Is 4332 a factor of 2286507576?
True
Does 8 divide 52064581?
False
Is 2 a factor of 263740391?
False
Is 207 a factor of 41272488?
True
Is 28 a factor of 392190475?
False
Does 24 divide 327047722?
False
Does 1945 divide 45630513?
False
Does 52 divide 30738344?
True
Does 4070 divide 505544638?
False
Is 9 a factor of 319589514?
True
Is 15346371 a multiple of 449?
True
Is 375148368 a multiple of 756?
True
Does 10 divide 87430840?
True
Is 383238700 a multiple of 10?
True
Does 7362 divide 193635415?
False
Is 35752051 a multiple of 2240?
False
Is 739597848 a multiple of 3?
True
Does 2492 divide 225715392?
True
Does 46 divide 331418755?
False
Does 298 divide 3455324006?
True
Is 725 a factor of 2375100?
True
Is 1004 a factor of 462738580?
True
Is 29 a factor of 951839457?
False
Is 127 a factor of 79075407?
True
Is 33 a factor of 199731147?
True
Is 37 a factor of 9769387?
False
Is 23928962 a multiple of 291?
False
Is 560 a factor of 5906985840?
True
Is 101 a factor of 54734474?
False
Is 7746448 a multiple of 8?
True
Is 36679839 a multiple of 7?
True
Is 6711848 a multiple of 396?
False
Is 2312683798 a multiple of 5051?
False
Is 17615722 a multiple of 127?
False
Does 258 divide 64230242?
False
Is 1434 a factor of 13099590?
True
Is 95 a factor of 235795823?
False
Is 33649947 a multiple of 9?
True
Is 113 a factor of 3819704752?
False
Does 35 divide 610330?
True
Is 53115117 a multiple of 297?
False
Does 41 divide 891866257?
False
Is 81010943 a multiple of 35?
False
Is 142236061 a multiple of 4?
False
Is 3753305743 a multiple of 1111?
True
Is 10604517 a multiple of 87?
True
Is 12 a factor of 30153012?
True
Is 141313043 a multiple of 89?
True
Is 16 a factor of 472147618?
False
Is 1291191524 a multiple of 9?
False
Is 226494344 a multiple of 706?
False
Is 270045006 a multiple of 1239?
True
Is 2029800 a multiple of 408?
True
Is 2099685 a multiple of 13?
False
Is 68 a factor of 131584431?
False
Does 109 divide 2074625885?
True
Does 769 divide 1045021073?
False
Does 178 divide 183150074?
True
Is 18426614 a multiple of 32?
False
Does 619 divide 77025884?
True
Is 141 a factor of 2801053?
False
Does 139 divide 1372695593?
False
Is 21243759 a multiple of 7092?
False
Does 52 divide 184913300?
True
Does 19 divide 179034580?
False
Is 82002465 a multiple of 8?
False
Is 902 a factor of 99456201?
False
Is 25 a factor of 64574575?
True
Is 15930640 a multiple of 688?
True
Is 7 a factor of 15210818?
True
Is 11522715 a multiple of 29?
True
Is 13 a factor of 2473950063?
True
Is 85674264 a multiple of 897?
True
Is 685 a factor of 11207626?
False
Is 4108 a factor of 1333723820?
True
Is 32695875 a multiple of 45?
True
Is 111 a factor of 52352706?
True
Is 34 a factor of 119008398?
True
Is 44 a factor of 479833279?
False
Does 27 divide 945000?
True
Does 113 divide 461052882?
True
Does 32 divide 4434989?
False
Is 101 a factor of 6800677?
False
Is 17042375 even?
False
Is 115032480 a multiple of 1101?
True
Is 96 a factor of 841038720?
True
Is 19699874 a multiple of 58?
True
Is 2705798 a multiple of 217?
False
Is 32331481 a multiple of 13?
True
Does 677 divide 56842191?
False
Is 60 a factor of 21634020?
True
Is 2132 a factor of 99025004?
True
Is 108492774 a multiple of 28?
False
Is 717 a factor of 3185833?
False
Is 718205070 a multiple of 65?
False
Does 20 divide 308455520?
True
Is 7301088 a multiple of 16?
True
Is 4039454 a multiple of 206?
True
Does 102 divide 1201645?
False
Does 114 divide 1166226?
False
Does 59 divide 506390923?
True
Is 141 a factor of 229303947?
False
Does 57 divide 7248416?
False
Does 225 divide 82605290?
False
Is 9 a factor of 24345660?
False
Is 258 a factor of 45561768?
True
Is 18 a factor of 68043114?
True
Does 1379 divide 476022525?
False
Is 3570385285 a multiple of 19?
True
Is 44039746 a multiple of 97?
True
Does 950 divide 328789300?
True
Does 1542 divide 27637266?
True
Does 25 divide 26076650?
True
Does 7153 divide 298151502?
False
Is 283748820 a multiple of 61?
True
Is 44 a factor of 84449904?
True
Is 379 a factor of 253990629?
False
Is 1259016027 a multiple of 478?
False
Does 25 divide 2719058578?
False
Does 7317 divide 1592543408?
False
Is 40222362 a multiple of 29?
True
Is 96 a factor of 5290490?
False
Does 15 divide 2921166042?
False
Is 19 a factor of 212182633?
True
Is 179 a factor of 1000858301?
False
Is 29561867 a multiple of 237?
False
Does 22 divide 1800480?
True
Does 429 divide 82074993?
True
Is 124 a factor of 41263843?
False
Is 107472322 a multiple of 19?
True
Is 6 a factor of 29347524?
True
Is 1634 a factor of 376117307?
False
Does 46 divide 4978018?
False
Is 498639775 a multiple of 25?
True
Is 65 a factor of 15426775?
True
Is 35 a factor of 109124459?
False
Is 2308 a factor of 203452508?
True
Does 13 divide 5309780?
False
Is 2384 a factor of 722909787?
False
Is 42605325 a multiple of 497?
True
Does 32 divide 23302290?
False
Is 41696672 a multiple of 328?
True
Does 16 divide 10445309?
False
Does 66 divide 374730246?
True
Is 44919482 a multiple of 13?
False
Is 291418619 a multiple of 1194?
False
Is 96 a factor of 8631648?
True
Does 9 divide 165467598?
False
Does 726 divide 1219035090?
False
Is 1754 a factor of 16147324?
True
Does 18 divide 184499550?
True
Does 41 divide 164681013?
False
Does 82 divide 151375903?
False
Does 3806 divide 514726890?
False
Does 2103 divide 2637612346?
False
Is 367 a factor of 107027843?
True
Is 371 a factor of 426677083?
True
Is 15 a factor of 20019660?
True
Does 101 divide 119209694?
True
Is 18432453 a multiple of 299?
True
Does 534 divide 125435876?
False
Is 2134680 a multiple of 20?
True
Is 44 a factor of 362048280?
True
Is 364 a factor of 57566964?
True
Is 14 a factor of 4930131267?
False
Is 38 a factor of 5203270802?
True
Is 110634777 a multiple of 171?
True
Is 80 a factor of 999435749?
False
Is 370 a factor of 297727530?
True
Does 4 divide 134788010?
False
Is 14 a factor of 702997400?
True
Does 17 divide 2331562215?
False
Does 6916 divide 2066886139?
False
Is 10235664 a multiple of 16?
True
Does 1353 divide 132856482?
True
Is 2 a factor of 340449491?
False
Does 8 divide 32651764?
False
Is 24350759 a multiple of 6?
False
Does 453 divide 25533345?
True
Is 94622696 a multiple of 208?
False
Does 28 divide 108103947?
False
Does 5545 divide 370595087?
False
Does 880 divide 33353417?
False
Does 209 divide 132126426?
False
Is 706 a factor of 845403471?
False
Is 28738012 a multiple of 9?
False
Does 44 divide 1200144?
True
Does 16 divide 5628820976?
True
Is 3 a factor of 656322585?
True
Is 161 a factor of 45112551?
False
Is 159274975 a multiple of 161?
False
Does 24 divide 8638776?
True
Is 552933124 a multiple of 744?
False
Is 120652112 a multiple of 56?
True
Is 1132602696 a multiple of 54?
True
Is 30528771 a multiple of 47?
False
Is 78 a factor of 610454081?
False
Is 1272 a factor of 79757211?
False
Is 22 a factor of 133419220?
True
Is 3889050 a multiple of 11?
True
Is 8 a factor 